{"id":642,"date":"2022-11-17T19:00:55","date_gmt":"2022-11-17T19:00:55","guid":{"rendered":"https:\/\/expert-themes.com\/newwp\/builderexpert\/?page_id=642"},"modified":"2023-06-07T21:43:47","modified_gmt":"2023-06-07T19:43:47","slug":"services-01","status":"publish","type":"page","link":"https:\/\/sialda.com\/?page_id=642","title":{"rendered":"Services"},"content":{"rendered":"\t\t<div data-elementor-type=\"wp-page\" data-elementor-id=\"642\" class=\"elementor elementor-642\">\n\t\t\t\t\t\t\t\t\t<section class=\"elementor-section elementor-top-section elementor-element elementor-element-5163738 elementor-section-full_width elementor-section-height-default elementor-section-height-default\" data-id=\"5163738\" data-element_type=\"section\">\n\t\t\t\t\t\t<div class=\"elementor-container elementor-column-gap-default\">\n\t\t\t\t\t<div class=\"elementor-column elementor-col-100 elementor-top-column elementor-element elementor-element-673516f\" data-id=\"673516f\" data-element_type=\"column\">\n\t\t\t<div class=\"elementor-widget-wrap elementor-element-populated\">\n\t\t\t\t\t\t\t\t<div class=\"elementor-element elementor-element-a3816a2 elementor-widget elementor-widget-builderexpert_services_v4\" data-id=\"a3816a2\" data-element_type=\"widget\" data-widget_type=\"builderexpert_services_v4.default\">\n\t\t\t\t<div class=\"elementor-widget-container\">\n\t\t\t\t\n    <!-- Services Page Section -->\n\t<section class=\"services-page-section\">\n\t\t<div class=\"auto-container\">\n\t\t\t<div class=\"row clearfix\">\n                \t\t\t\t<!-- Service Block Four -->\n\t\t\t\t<div class=\"service-block-four style-two col-lg-4 col-md-6 col-sm-12\">\n\t\t\t\t\t<div class=\"inner-box\">\n\t\t\t\t\t\t<div class=\"image\">\n\t\t\t\t\t\t\t<a href=\"https:\/\/sialda.com\/?service=une-construction-adaptee-a-vote-process\"><img loading=\"lazy\" decoding=\"async\" width=\"330\" height=\"250\" src=\"https:\/\/sialda.com\/wp-content\/uploads\/2023\/05\/Cantine-personnel-Amazon-Lil-8-3-330x250.jpg\" class=\"attachment-builderexpert_330x250 size-builderexpert_330x250 wp-post-image\" alt=\"\" \/><\/a>\n\t\t\t\t\t\t<\/div>\n\t\t\t\t\t\t<div class=\"lower-content\">\n\t\t\t\t\t\t\t<div class=\"icon icon flaticon-buildings\"><\/div>\n\t\t\t\t\t\t\t<h4><a href=\"https:\/\/sialda.com\/?service=une-construction-adaptee-a-vote-process\">INDUSTRIE: Une Construction Adapt\u00e9e \u00e0 Votre Process<\/a><\/h4>\n\t\t\t\t\t\t\t<div class=\"text\">Nous concevons et r\u00e9alisons tout type de b\u00e2timents industriels:\u00a0usines, laboratoires, ...<\/div>\n\t\t\t\t\t\t\t<a href=\"https:\/\/sialda.com\/?service=une-construction-adaptee-a-vote-process\" class=\"read-more\">Read More <span class=\"plus flaticon-plus-symbol\"><\/span><\/a>\n\t\t\t\t\t\t<\/div>\n\t\t\t\t\t<\/div>\n\t\t\t\t<\/div>\n\t\t\t\t\t\t\t\t<!-- Service Block Four -->\n\t\t\t\t<div class=\"service-block-four style-two col-lg-4 col-md-6 col-sm-12\">\n\t\t\t\t\t<div class=\"inner-box\">\n\t\t\t\t\t\t<div class=\"image\">\n\t\t\t\t\t\t\t<a href=\"https:\/\/sialda.com\/?service=tertiaire-un-batiment-sur-mesure-modulable-et-connecte\"><img loading=\"lazy\" decoding=\"async\" width=\"330\" height=\"250\" src=\"https:\/\/sialda.com\/wp-content\/uploads\/2023\/05\/d462d876-8081-4e35-b5ef-bb1895e2e08f-330x250.jpg\" class=\"attachment-builderexpert_330x250 size-builderexpert_330x250 wp-post-image\" alt=\"\" \/><\/a>\n\t\t\t\t\t\t<\/div>\n\t\t\t\t\t\t<div class=\"lower-content\">\n\t\t\t\t\t\t\t<div class=\"icon icon flaticon-buildings\"><\/div>\n\t\t\t\t\t\t\t<h4><a href=\"https:\/\/sialda.com\/?service=tertiaire-un-batiment-sur-mesure-modulable-et-connecte\">TERTIAIRE: Un B\u00e2timent Sur-Mesure, Modulable et Connect\u00e9<\/a><\/h4>\n\t\t\t\t\t\t\t<div class=\"text\">Nous disposons d&rsquo;une ing\u00e9nierie int\u00e9gr\u00e9e, sp\u00e9cialiste du secteur\u00a0tertiaire et du ...<\/div>\n\t\t\t\t\t\t\t<a href=\"https:\/\/sialda.com\/?service=tertiaire-un-batiment-sur-mesure-modulable-et-connecte\" class=\"read-more\">Read More <span class=\"plus flaticon-plus-symbol\"><\/span><\/a>\n\t\t\t\t\t\t<\/div>\n\t\t\t\t\t<\/div>\n\t\t\t\t<\/div>\n\t\t\t\t\t\t\t\t<!-- Service Block Four -->\n\t\t\t\t<div class=\"service-block-four style-two col-lg-4 col-md-6 col-sm-12\">\n\t\t\t\t\t<div class=\"inner-box\">\n\t\t\t\t\t\t<div class=\"image\">\n\t\t\t\t\t\t\t<a href=\"https:\/\/sialda.com\/?service=luxe-villa-de-luxe-et-maison-haut-de-gamme\"><img loading=\"lazy\" decoding=\"async\" width=\"330\" height=\"250\" src=\"https:\/\/sialda.com\/wp-content\/uploads\/2023\/06\/WhatsApp-Image-2023-07-03-at-08.39.40-330x250.jpeg\" class=\"attachment-builderexpert_330x250 size-builderexpert_330x250 wp-post-image\" alt=\"\" \/><\/a>\n\t\t\t\t\t\t<\/div>\n\t\t\t\t\t\t<div class=\"lower-content\">\n\t\t\t\t\t\t\t<div class=\"icon icon flaticon-construction\"><\/div>\n\t\t\t\t\t\t\t<h4><a href=\"https:\/\/sialda.com\/?service=luxe-villa-de-luxe-et-maison-haut-de-gamme\">HABITAT: Villa de Luxe et Maison de Haut Standing<\/a><\/h4>\n\t\t\t\t\t\t\t<div class=\"text\">Nous construisons des masons et villas haut de gamme sur-mesure\u00a0en ...<\/div>\n\t\t\t\t\t\t\t<a href=\"https:\/\/sialda.com\/?service=luxe-villa-de-luxe-et-maison-haut-de-gamme\" class=\"read-more\">Read More <span class=\"plus flaticon-plus-symbol\"><\/span><\/a>\n\t\t\t\t\t\t<\/div>\n\t\t\t\t\t<\/div>\n\t\t\t\t<\/div>\n\t\t\t\t\t\t\t\t<!-- Service Block Four -->\n\t\t\t\t<div class=\"service-block-four style-two col-lg-4 col-md-6 col-sm-12\">\n\t\t\t\t\t<div class=\"inner-box\">\n\t\t\t\t\t\t<div class=\"image\">\n\t\t\t\t\t\t\t<a href=\"https:\/\/sialda.com\/?service=voirie-reseaux-divers\"><img loading=\"lazy\" decoding=\"async\" width=\"330\" height=\"250\" src=\"https:\/\/sialda.com\/wp-content\/uploads\/2024\/03\/briq-330x250.jpeg\" class=\"attachment-builderexpert_330x250 size-builderexpert_330x250 wp-post-image\" alt=\"\" \/><\/a>\n\t\t\t\t\t\t<\/div>\n\t\t\t\t\t\t<div class=\"lower-content\">\n\t\t\t\t\t\t\t<div class=\"icon fa fa-diamond\"><\/div>\n\t\t\t\t\t\t\t<h4><a href=\"https:\/\/sialda.com\/?service=voirie-reseaux-divers\">Voirie\u00a0&#8211; r\u00e9seaux divers\u00a0<\/a><\/h4>\n\t\t\t\t\t\t\t<div class=\"text\">D\u00e9couvrez Notre Gamme Exceptionnelle de Produits Depuis nos d\u00e9buts, SIA ...<\/div>\n\t\t\t\t\t\t\t<a href=\"https:\/\/sialda.com\/?service=voirie-reseaux-divers\" class=\"read-more\">Read More <span class=\"plus flaticon-plus-symbol\"><\/span><\/a>\n\t\t\t\t\t\t<\/div>\n\t\t\t\t\t<\/div>\n\t\t\t\t<\/div>\n\t\t\t\t\t\t\t\t<!-- Service Block Four -->\n\t\t\t\t<div class=\"service-block-four style-two col-lg-4 col-md-6 col-sm-12\">\n\t\t\t\t\t<div class=\"inner-box\">\n\t\t\t\t\t\t<div class=\"image\">\n\t\t\t\t\t\t\t<a href=\"https:\/\/sialda.com\/?service=brique-de-terre-compressee\"><img loading=\"lazy\" decoding=\"async\" width=\"330\" height=\"250\" src=\"https:\/\/sialda.com\/wp-content\/uploads\/2024\/03\/6053a1bca6ed9d9caf5c8255ad22132a-330x250.jpg\" class=\"attachment-builderexpert_330x250 size-builderexpert_330x250 wp-post-image\" alt=\"\" \/><\/a>\n\t\t\t\t\t\t<\/div>\n\t\t\t\t\t\t<div class=\"lower-content\">\n\t\t\t\t\t\t\t<div class=\"icon fa fa-home\"><\/div>\n\t\t\t\t\t\t\t<h4><a href=\"https:\/\/sialda.com\/?service=brique-de-terre-compressee\">BRIQUE DE TERRE COMPRESS\u00c9E<\/a><\/h4>\n\t\t\t\t\t\t\t<div class=\"text\">Brique de terre comprim\u00e9e\u00a0 La brique de terre comprim\u00e9e (BTC) ...<\/div>\n\t\t\t\t\t\t\t<a href=\"https:\/\/sialda.com\/?service=brique-de-terre-compressee\" class=\"read-more\">Read More <span class=\"plus flaticon-plus-symbol\"><\/span><\/a>\n\t\t\t\t\t\t<\/div>\n\t\t\t\t\t<\/div>\n\t\t\t\t<\/div>\n\t\t\t\t\t\t\t<\/div>\n\t\t<\/div>\n\t<\/section>\n\t<!-- End Services Page Section -->\n      \n\t\t\t<\/div>\n\t\t\t\t<\/div>\n\t\t\t\t\t<\/div>\n\t\t<\/div>\n\t\t\t\t\t\t\t<\/div>\n\t\t<\/section>\n\t\t\t\t\t\t\t<\/div>\n\t\t","protected":false},"excerpt":{"rendered":"<p>INDUSTRIE: Une construction adapt\u00e9e \u00e0 vote process Nous concevons et r\u00e9alisons tout type de b\u00e2timents industriels: usines, &#8230; Read More TERTIAIRE: Un b\u00e2timent sur-mesure, modulable et connect\u00e9 Nous disposons d&rsquo;une ing\u00e9nierie int\u00e9gr\u00e9e, sp\u00e9cialiste du secteur tertiaire et &#8230; Read More LUXE: Villa de luxe et maison haut de gamme Nous construisons des masons et villas [&hellip;]<\/p>\n","protected":false},"author":1,"featured_media":0,"parent":0,"menu_order":0,"comment_status":"closed","ping_status":"closed","template":"tpl-default-elementor.php","meta":{"footnotes":""},"class_list":["post-642","page","type-page","status-publish","hentry"],"_links":{"self":[{"href":"https:\/\/sialda.com\/index.php?rest_route=\/wp\/v2\/pages\/642","targetHints":{"allow":["GET"]}}],"collection":[{"href":"https:\/\/sialda.com\/index.php?rest_route=\/wp\/v2\/pages"}],"about":[{"href":"https:\/\/sialda.com\/index.php?rest_route=\/wp\/v2\/types\/page"}],"author":[{"embeddable":true,"href":"https:\/\/sialda.com\/index.php?rest_route=\/wp\/v2\/users\/1"}],"replies":[{"embeddable":true,"href":"https:\/\/sialda.com\/index.php?rest_route=%2Fwp%2Fv2%2Fcomments&post=642"}],"version-history":[{"count":8,"href":"https:\/\/sialda.com\/index.php?rest_route=\/wp\/v2\/pages\/642\/revisions"}],"predecessor-version":[{"id":1550,"href":"https:\/\/sialda.com\/index.php?rest_route=\/wp\/v2\/pages\/642\/revisions\/1550"}],"wp:attachment":[{"href":"https:\/\/sialda.com\/index.php?rest_route=%2Fwp%2Fv2%2Fmedia&parent=642"}],"curies":[{"name":"wp","href":"https:\/\/api.w.org\/{rel}","templated":true}]}}